.
93
Calculate the greatest common factor of 210728 and 40068.
1484
What is the highest common factor of 56 and 579040?
56
Calculate the highest common divisor of 2274718 and 31.
31
Calculate the highest common factor of 8132 and 17081.
19
What is the highest common factor of 1326843 and 27?
9
What is the highest common divisor of 23901 and 25203?
93
Calculate the greatest common divisor of 3484 and 7046.
26
What is the greatest common factor of 2324 and 12118?
166
Calculate the greatest common divisor of 6 and 4414.
2
Calculate the greatest common divisor of 14091 and 168.
21
Calculate the highest common factor of 48 and 250872.
24
Calculate the greatest common factor of 357648 and 66.
6
Calculate the highest common factor of 1031336 and 4932.
548
What is the greatest common factor of 73064 and 48?
8
Calculate the greatest common factor of 211075 and 50.
25
Calculate the highest common factor of 129217 and 2431.
187
Calculate the highest common factor of 2160933 and 6.
3
What is the greatest common divisor of 7449 and 657231?
573
What is the greatest common factor of 254 and 7694?
2
Calculate the greatest common factor of 32026 and 1206.
134
What is the highest common factor of 57941 and 169?
13
Calculate the highest common divisor of 8 and 65536.
8
Calculate the greatest common divisor of 611425 and 3700.
925
Calculate the greatest common divisor of 240 and 93640.
40
What is the greatest common divisor of 527 and 1829?
31
What is the greatest common factor of 1085 and 343?
7
Calculate the highest common factor of 35938 and 2176.
34
Calculate the highest common divisor of 643110 and 6.
6
What is the highest common divisor of 44877 and 3?
3
Calculate the highest common factor of 224 and 110944.
32
What is the greatest common factor of 176454 and 15?
3
Calculate the greatest common divisor of 47767 and 148.
37
Calculate the highest common divisor of 11914 and 999.
37
What is the greatest common factor of 5868 and 1637498?
326
Calculate the highest common factor of 9672 and 78936.
312
What is the highest common factor of 76531 and 91?
91
What is the greatest common factor of 253790 and 820?
410
What is the greatest common divisor of 261492 and 777?
21
What is the greatest common factor of 64943 and 5787?
643
Calculate the highest common factor of 58616 and 136.
136
What is the greatest common divisor of 156 and 4182?
6
Calculate the greatest common divisor of 621665 and 127.
127
What is the greatest common factor of 192445 and 55?
55
What is the greatest common factor of 312 and 120912?
24
Calculate the greatest common divisor of 4056 and 17160.
312
What is the greatest common factor of 112 and 836416?
112
What is the greatest common factor of 3911117 and 7?
7
Calculate the greatest common divisor of 5537350 and 3640.
910
What is the greatest common divisor of 3630 and 420310?
110
Calculate the greatest common factor of 1343384 and 2384.
1192
What is the greatest common factor of 7075 and 30281?
283
Calculate the highest common factor of 780 and 9465.
15
What is the greatest common factor of 39 and 12389?
13
What is the highest common factor of 44 and 546821?
11
What is the highest common divisor of 119038 and 424?
106
Calculate the greatest common divisor of 1100 and 1002650.
550
Calculate the greatest common factor of 35 and 98665.
35
Calculate the highest common divisor of 3241200 and 1036.
148
Calculate the greatest common factor of 7670 and 191230.
130
Calculate the highest common divisor of 12 and 14022.
6
What is the greatest common divisor of 138747 and 42?
21
What is the greatest common factor of 526941 and 9?
9
What is the greatest common divisor of 34 and 2323730?
34
What is the highest common divisor of 13676 and 117?
13
What is the greatest common divisor of 2020 and 65?
5
What is the highest common factor of 86013 and 114?
57
What is the greatest common divisor of 8 and 2344?
8
What is the highest common factor of 134092 and 28?
28
What is the greatest common factor of 850 and 1304410?
170
Calculate the greatest common factor of 550 and 3372325.
275
Calculate the highest common divisor of 728581 and 196.
49
What is the highest common factor of 981 and 18857?
109
What is the greatest common factor of 4632 and 66?
6
What is the highest common factor of 3471 and 4992?
39
What is the highest common factor of 3183920 and 140?
20
Calculate the greatest common divisor of 355224 and 152.
152
Calculate the highest common factor of 900 and 748.
4
What is the greatest common divisor of 4467495 and 30?
15
Calculate the highest common factor of 30160 and 4901.
377
What is the highest common divisor of 322 and 51674?
14
Calculate the greatest common divisor of 444319 and 43.
43
Calculate the greatest common factor of 6069 and 381.
3
What is the highest common factor of 2816 and 288200?
88
What is the greatest common factor of 14 and 3892?
14
What is the greatest common factor of 1917 and 2538?
27
What is the highest common factor of 8 and 1801?
1
Calculate the highest common factor of 569796 and 618.
618
Calculate the highest common divisor of 64 and 3028288.
64
What is the highest common divisor of 14540 and 1540?
20
Calculate the greatest common divisor of 10754 and 114.
38
What is the greatest common divisor of 1015 and 224035?
35
Calculate the greatest common divisor of 584935 and 52.
13
What is the highest common factor of 7600 and 10630?
10
Calculate the greatest common divisor of 2964 and 4902.
114
Calculate the greatest common factor of 138 and 4922.
46
What is the highest common factor of 1196 and 473018?
598
Calculate the greatest common factor of 414 and 54234.
414
What is the highest common divisor of 121504 and 1056?
32
Calculate the greatest common divisor of 2009285 and 1665.
185
What is the highest common divisor of 635 and 560959?
127
Calculate the highest common divisor of 6518522 and 46.
46
What is the greatest common factor of 1650 and 23910?
30
Calculate the highest common factor of 93 and 24149.
31
Calculate the highest common divisor of 16895 and 124.
31
Calculate the highest common divisor of 10624 and 13536.
32
Calculate the greatest common divisor of 466 and 1137506.
466
What is the highest common divisor of 4820224 and 1216?
1216
Calculate the greatest common divisor of 3304 and 31432.
8
What is the greatest common divisor of 646 and 2314618?
646
Calculate the greatest common divisor of 11892 and 111.
3
What is the highest common factor of 101178 and 315?
63
Calculate the highest common divisor of 50390 and 460.
10
Calculate the greatest common divisor of 54 and 16011.
27
Calculate the greatest common divisor of 28305 and 102.
51
What is the greatest common divisor of 33953 and 38?
19
What is the greatest common divisor of 1196228 and 2387?
341
Calculate the highest common factor of 58 and 16.
2
Calculate the greatest common factor of 798 and 1925574.
798
What is the highest common divisor of 1484 and 266007?
371
What is the highest common factor of 391566 and 168?
42
Calculate the greatest common factor of 142510 and 10.
10
What is the greatest common divisor of 4555 and 35?
5
Calculate the greatest common divisor of 473 and 6751.
43
Calculate the highest common divisor of 529889 and 946.
43
What is the greatest common factor of 228264 and 24?
24
Calculate the highest common factor of 305 and 19317785.
305
What is the greatest common divisor of 490 and 80850?
490
Calculate the greatest common divisor of 61 and 248453.
61
Calculate the greatest common divisor of 846396 and 1428.
204
What is the highest common factor of 40950 and 840?
210
What is the highest common divisor of 27126 and 528?
66
What is the greatest common divisor of 825 and 2350?
25
Calculate the highest common divisor of 66 and 309408.
66
What is the highest common divisor of 320 and 4780?
20
Calculate the highest common factor of 219 and 1028059.
73
Calculate the greatest common divisor of 8 and 1956044.
4
Calculate the highest common divisor of 1657155 and 30.
15
What is the greatest common factor of 27024 and 48?
48
Calculate the greatest common factor of 1488 and 3376.
16
What is the highest common factor of 38678 and 9628?
166
Calculate the highest common factor of 848 and 3832.
8
Calculate the greatest common divisor of 686 and 323302.
98
Wha